t is the greatest common divisor of 1058288 and 336?
112
Calculate the greatest common factor of 4 and 28844.
4
Calculate the highest common divisor of 2743 and 37674.
13
Calculate the greatest common factor of 156 and 266136.
156
Calculate the greatest common factor of 3831820 and 566.
566
What is the highest common factor of 156 and 84292?
52
Calculate the highest common factor of 6801 and 15.
3
What is the highest common factor of 458461 and 348?
29
Calculate the greatest common divisor of 13637 and 39.
13
Calculate the greatest common factor of 176 and 21928.
8
Calculate the greatest common factor of 4 and 18019.
1
What is the greatest common factor of 43488 and 54?
18
What is the greatest common divisor of 200 and 1424380?
20
Calculate the greatest common divisor of 8814 and 78.
78
Calculate the greatest common factor of 544 and 8602.
34
What is the greatest common factor of 1596 and 245588?
28
Calculate the greatest common divisor of 690 and 2553.
69
Calculate the greatest common factor of 473136 and 84.
12
Calculate the highest common factor of 98 and 165466.
14
Calculate the greatest common factor of 7255 and 90.
5
Calculate the greatest common factor of 754 and 2913079.
377
What is the greatest common divisor of 110695 and 195?
65
Calculate the greatest common divisor of 125 and 5.
5
Calculate the greatest common factor of 71839 and 76.
19
What is the greatest common factor of 3304 and 102896?
472
What is the highest common divisor of 2 and 312488?
2
Calculate the greatest common factor of 46 and 78959.
23
What is the highest common divisor of 207 and 142899?
69
Calculate the greatest common divisor of 22000 and 375.
125
Calculate the greatest common divisor of 233068 and 88.
44
What is the greatest common divisor of 755 and 7097?
151
What is the highest common divisor of 4077 and 2869?
151
What is the greatest common divisor of 13291 and 4?
1
Calculate the highest common factor of 5769612 and 834.
834
What is the highest common factor of 7973 and 14539?
469
Calculate the greatest common divisor of 53490 and 60.
30
Calculate the highest common factor of 752 and 57481.
47
What is the highest common divisor of 333 and 18759?
111
What is the highest common divisor of 60 and 3516?
12
What is the greatest common divisor of 721826 and 1316?
658
What is the highest common divisor of 63 and 2425269?
21
What is the highest common factor of 3290 and 395458?
658
Calculate the greatest common factor of 11 and 5179537.
11
What is the highest common factor of 243423 and 459?
153
What is the highest common divisor of 8387018 and 1292?
646
What is the greatest common divisor of 425344 and 24?
8
Calculate the highest common divisor of 2748 and 166483.
229
What is the highest common divisor of 2046 and 179490?
186
Calculate the highest common factor of 1178288 and 16.
16
What is the highest common factor of 2082075 and 2130?
1065
What is the greatest common divisor of 43993 and 27898?
1073
What is the greatest common divisor of 1008 and 14826?
42
Calculate the greatest common divisor of 123 and 54.
3
Calculate the highest common divisor of 5334 and 2982.
42
What is the highest common factor of 102038 and 10016?
626
What is the greatest common factor of 9875 and 2291?
79
What is the highest common factor of 7877457 and 1995?
399
Calculate the highest common divisor of 23085 and 195.
15
Calculate the greatest common factor of 545 and 693349.
109
What is the highest common divisor of 164 and 4756?
164
What is the greatest common divisor of 3038 and 148?
2
Calculate the greatest common divisor of 15109 and 21361.
521
Calculate the highest common divisor of 574 and 290936.
82
What is the greatest common factor of 120 and 290000?
40
Calculate the highest common factor of 24 and 11823504.
24
What is the greatest common divisor of 76342 and 7?
7
Calculate the greatest common factor of 130 and 43082.
26
What is the greatest common divisor of 940 and 2256?
188
Calculate the highest common factor of 155 and 1201250.
155
What is the greatest common divisor of 180 and 11940?
60
Calculate the greatest common factor of 62374 and 1274.
26
Calculate the greatest common factor of 416688 and 816.
48
What is the greatest common divisor of 252 and 173068?
28
What is the highest common factor of 2088 and 3509?
29
Calculate the highest common divisor of 11936 and 208.
16
What is the greatest common factor of 15525 and 6624?
207
Calculate the highest common divisor of 1330245 and 1722.
861
Calculate the highest common factor of 354 and 22243.
59
What is the greatest common factor of 70469 and 77?
7
What is the highest common divisor of 21450 and 1386?
66
Calculate the highest common divisor of 31323 and 2650.
53
What is the highest common factor of 72 and 21528?
72
What is the greatest common factor of 1115928 and 144?
72
What is the greatest common factor of 20 and 13552?
4
What is the highest common factor of 427 and 10675?
427
Calculate the greatest common factor of 398 and 130345.
199
Calculate the highest common factor of 170 and 6427615.
85
Calculate the highest common divisor of 7950735 and 117.
117
What is the greatest common factor of 1133 and 6809?
11
What is the greatest common divisor of 4935 and 2751?
21
Calculate the greatest common factor of 164649 and 2556.
213
Calculate the highest common factor of 4310 and 362471.
431
What is the highest common divisor of 112 and 4688?
16
What is the highest common factor of 48 and 9264?
48
What is the highest common divisor of 18 and 329706?
18
Calculate the greatest common factor of 282 and 27354.
282
What is the highest common divisor of 5 and 323625?
5
Calculate the greatest common divisor of 23725 and 260.
65
What is the greatest common factor of 3564 and 3663?
99
Calculate the greatest common divisor of 18738 and 864.
54
Calculate the highest common divisor of 76 and 161823.
19
What is the greatest common factor of 412117 and 67?
67
Calculate the highest common divisor of 128 and 76.
4
Calculate the highest common factor of 3354 and 37238.
86
Calculate the greatest common factor of 1 and 876711.
1
What is the greatest common divisor of 187884 and 22644?
612
What is the highest common divisor of 38508 and 12?
12
Calculate the greatest common divisor of 2418 and 1599.
39
What is the greatest common factor of 12870 and 90288?
198
Calculate the greatest common divisor of 15440 and 441005.
965
What is the greatest common factor of 77 and 4781?
7
What is the highest common divisor of 3950 and 2150?
50
Calculate the greatest common factor of 31 and 197377.
31
Calculate the highest common factor of 38 and 7242800.
38
Calculate the greatest common factor of 23688 and 12348.
252
What is the highest common divisor of 61894 and 42?
14
Calculate the highest common factor of 550 and 3025.
275
What is the greatest common factor of 74 and 2738?
74
Calculate the highest common divisor of 55444 and 2656.
332
What is the highest common factor of 4200 and 39075?
75
Calculate the highest common factor of 8 and 36940.
4
Calculate the greatest common divisor of 152628 and 84.
84
What is the highest common factor of 26725 and 225?
25
What is the highest common factor of 12475356 and 1146?
1146
What is the highest common factor of 2125507 and 1828?
457
Calculate the greatest common factor of 648 and 1348632.
72
What is the highest common factor of 15182 and 6?
2
What is the highest common divisor of 400 and 640?
80
Calculate the highest common divisor of 23628 and 33.
33
What is the highest common factor of 2628 and 3018258?
1314
Calculate the highest common factor of 40 and 10050.
10
Calculate the greatest common divisor of 1407 and 360661.
469
What is the greatest common divisor of 190 and 3826505?
95
Calculate the greatest common factor of 118280 and 40.
40
Calculate the greatest common divisor of 1248 and 221052.
156
What is the greatest common factor of 7920 and 10494?
198
Calculate the highest common factor of 527250 and 114.
114
What is the highest common divisor of 80 and 35080?
40
Calculate the greatest common divisor of 114 and 190608.
114
What is the greatest common factor of 149958 and 594?
54
What is the highest common divisor of 2052 and 4284?
36
Calculate the highest common divisor of 13904 and 512.
16
What is the highest c